ase 15) to base 9.
-3230
Convert -4644 (base 10) to base 5.
-122034
101110110010100 (base 2) to base 3
1012212021
Convert -7ada (base 15) to base 7.
-136015
Convert 377 (base 12) to base 3.
201101
-719 (base 13) to base 11
-9a6
184ab (base 13) to base 6
1001214
Convert b9 (base 12) to base 13.
ab
-35573 (base 8) to base 7
-62252
Convert 13030 (base 4) to base 10.
460
What is 210000 (base 3) in base 14?
2c7
Convert 783 (base 10) to base 11.
652
What is -10 (base 8) in base 12?
-8
What is -142140 (base 5) in base 15?
-1b4a
Convert 2b8 (base 15) to base 10.
623
What is -1012203 (base 4) in base 11?
-3435
Convert -31276 (base 10) to base 2.
-111101000101100
Convert -17c (base 13) to base 2.
-100010000
69cb (base 13) to base 15
4615
What is -111011000110 (base 2) in base 4?
-323012
Convert 100000111101 (base 2) to base 5.
31414
302203 (base 4) to base 15
e5a
What is -1726 (base 8) in base 9?
-1311
What is -2103 (base 4) in base 16?
-93
Convert 140054 (base 6) to base 11.
9843
What is -18b5 (base 12) in base 6?
-21545
20101012 (base 3) to base 8
11051
Convert -191 (base 13) to base 6.
-1155
61170 (base 8) to base 7
133331
What is 566 (base 16) in base 9?
1805
160d (base 15) to base 5
122423
Convert 14510 (base 6) to base 14.
bd8
What is -3573 (base 11) in base 7?
-16432
Convert -143d (base 15) to base 12.
-2611
Convert -485a (base 13) to base 3.
-112000100
-12c6 (base 16) to base 5
-123211
-197a (base 11) to base 5
-40012
1313220 (base 5) to base 16
65cc
1212111100 (base 3) to base 4
20333022
-34235 (base 6) to base 2
-1001011101111
What is 596b (base 16) in base 12?
112b7
Convert 10011011100 (base 2) to base 9.
1632
Convert 1717 (base 10) to base 11.
1321
Convert 1023 (base 6) to base 7.
450
Convert 29 (base 12) to base 14.
25
What is 173 (base 11) in base 5?
1301
Convert 18257 (base 11) to base 4.
12033321
Convert -131330 (base 4) to base 2.
-11101111100
112211001 (base 3) to base 11
812a
-27629 (base 10) to base 11
-19838
Convert -842 (base 13) to base 14.
-726
29a (base 14) to base 16
210
Convert 269 (base 12) to base 4.
11301
What is 1102210220 (base 3) in base 10?
28293
-3416 (base 9) to base 3
-10110120
What is 113 (base 13) in base 11?
159
Convert -34c3 (base 14) to base 3.
-110121021
What is -1065 (base 8) in base 3?
-202221
What is 2000012 (base 3) in base 2?
10110110111
What is 442 (base 14) in base 11?
6a6
What is 3320 (base 4) in base 15?
118
Convert 221230 (base 4) to base 3.
10122211
Convert 2015 (base 7) to base 4.
22322
Convert -1010112111 (base 3) to base 2.
-101011011110101
What is 174 (base 8) in base 11?
103
Convert cca (base 15) to base 12.
180a
What is 14575 (base 8) in base 14?
2541
-8805 (base 12) to base 2
-11101010000101
Convert 1123 (base 8) to base 15.
29a
265 (base 15) to base 9
665
13421 (base 5) to base 11
920
Convert -14312 (base 8) to base 14.
-2454
Convert -6e (base 16) to base 8.
-156
What is -3478 (base 9) in base 15?
-b72
-144120 (base 6) to base 5
-420442
Convert 13c55 (base 15) to base 12.
30922
3702 (base 10) to base 11
2866
What is -35246 (base 7) in base 9?
-13365
-850 (base 13) to base 10
-1417
34007 (base 9) to base 10
22606
Convert -2fe (base 16) to base 3.
-1001101
Convert 7406 (base 13) to base 7.
64553
420 (base 12) to base 13
372
98d (base 15) to base 3
2221221
Convert 111 (base 15) to base 5.
1431
5399 (base 10) to base 3
21101222
-11252 (base 7) to base 5
-43004
-848 (base 13) to base 12
-998
Convert -210 (base 16) to base 7.
-1353
-5374 (base 13) to base 11
-8784
12142 (base 5) to base 11
769
4624 (base 10) to base 14
1984
What is bb2a (base 13) in base 16?
65ce
What is 2443300 (base 5) in base 14?
1303a
What is -11224 (base 6) in base 11?
-1225
Convert -1101101010001 (base 2) to base 15.
-2113
What is -12c92 (base 13) in base 7?
-204224
-2101322 (base 4) to base 5
-244323
Convert -33031 (base 4) to base 10.
-973
41372 (base 8) to base 2
100001011111010
2222112212 (base 3) to base 12
29b95
Convert -1310220 (base 4) to base 9.
-11213
Convert 101103211 (base 4) to base 7.
413443
What is -1011111101 (base 2) in base 7?
-2142
Convert -1111 (base 5) to base 16.
-9c
Convert 1016 (base 10) to base 11.
844
Convert 13230 (base 4) to base 13.
2bb
Convert -1003030 (base 6) to base 15.
-e04c
5734 (base 8) to base 9
4143
Convert -437 (base 13) to base 11.
-5a7
Convert -619 (base 10) to base 12.
-437
What is 2a575 (base 11) in base 5?
2341104
What is 11336 (base 11) in base 14?
5d78
Convert a6d3 (base 15) to base 9.
53370
1412033 (base 5) to base 11
1a890
640 (base 16) to base 13
961
What is 13210 (base 5) in base 3?
1110002
111002 (base 3) to base 4
11201
Convert -37782 (base 9) to base 12.
-1286b
What is 1b8 (base 13) in base 14?
18c
What is 13aa6 (base 11) in base 5?
1114320
-3060 (base 10) to base 7
-11631
Convert -230231 (base 5) to base 13.
-3961
Convert -12a9 (base 12) to base 10.
-2145
-321345 (base 7) to base 16
-d9c2
-98 (base 10) to base 5
-343
What is 116 (base 12) in base 2?
10100010
-110002100 (base 3) to base 7
-34455
15241 (base 6) to base 12
1521
-213023 (base 4) to base 15
-b22
What is 22101 (base 3) in base 9?
271
-424143 (base 5) to base 7
-56454
-118aa (base 11) to base 7
-100511
Convert 11108 (base 10) to base 6.
123232
What is -31424 (base 5) in base 7?
-6110
What is 2f4 (base 16) in base 13?
462
What is -504 (base 7) in base 9?
-306
-10173 (base 8) to base 7
-15205
Convert -322322 (base 4) to base 6.
-25242
25b4 (base 14) to base 3
100002102
What is -318 (base 14) in base 12?
-42a
What is -612 (base 15) in base 13?
-812
Convert 4430 (base 7) to base 15.
70e
What is 144114 (base 6) in base 16?
362e
Convert -344 (base 14) to base 13.
-3ab
What is 100001 (base 7) in base 9?
25045
Convert 431024 (base 5) to base 13.
67b6
Convert -7b7c (base 14) to base 3.
-1002110100
Convert 4032 (base 5) to base 6.
2221
Convert -101101000011000 (base 2) to base 10.
-23064
4030 (base 6) to base 8
1562
-32552 (base 8) to base 2
-11010101101010
Convert 421 (base 7) to base 2.
11010011
What is 161754 (base 8) in base 3?
2222001001
-146464 (base 7) to base 9
-43341
Convert -2200101201 (base 3) to base 7.
-306604
Convert 6400 (base 16) to base 13.
b863
What is -4562 (base 9) in base 14?
-1333
-2540 (base 7) to base 16
-3bf
Convert -6464 (base 7) to base 12.
-13b8
-14d5 (base 16) to base 2
-1010011010101
What is 14326 (base 13) in base 12?
19b14
Convert -1741 (base 11) to base 16.
-8af
Convert -102101 (base 3) to base 5.
-2212
-1012111 (base 3) to base 2
-1101101101
What is -415 (base 16) in base 4?
-100111
What is 17030 (base 10) in base 12?
9a32
Convert -324 (base 9) to base 14.
-14d
Convert -54040 (base 6) to base 2.
-1110011001000
What is 9bc5 (base 13) in base 6?
244521
Convert 1414 (base 9) to base 4.
100222
What is 58b (base 12) in base 6?
3455
What is 34c3 (base 13) in base 16?
1d02
What is -49402 (base 10) in base 16?
-c0fa
What is -11203 (base 11) in base 6?
-203025
Convert 223100 (base 4) to base 2.
101011010000
Convert -47a (base 12) to base 16.
-29e
-3803 (base 11) to base 4
-1031210
What is -34036 (base 7) in base 5?
-233402
What is 688 (base 9) in base 7?
1436
Convert 33 (base 6) to base 12.
19
Convert -161 (base 15) to base 9.
-381
What is 427 (base 15) in base 10?
937
What is 695a (base 11) in base 15?
2a95
What is 21c3b (base 13) in base 9?
103188
-1026 (base 10) to base 11
-853
What is -2333 (base 5) in base 15?
-17d
Convert -11052 (base 6) to base 8.
-3010
-6606 (base 11) to base 12
-5066
584 (base 14) to base 12
774
What is 605 (base 10) in base 13?
377
177a4 (base 12) to base 2
1000010010101100
What is 3262 (base 11) in base 7?
15355
63e1 (base 16) to base 6
314213
Convert -6901 (base 16) to base 10.
-26881
Convert -1515 (base 6) to base 7.
-1121
What is -34665 (base 9) in base 16?
-5a68
1100110000 (base 2) to base 8
1460
Convert 654 (base 7) to base 5.
2313
What is -15880 (base 9) in base 8?
-25256
Convert 1445550 (base 6) to base 2.
10100100100001010
Convert 180 (base 9) to base 2.
10011001
32372 (base 9) to base 15
654e
What is 35625 (base 10) in base 4?
20230221
Convert -280 (base 12) to base 14.
-1d6
-13302 (base 6) to base 5
-31204
Convert 1220011 (base 3) to base 16.
565
What is fd (base 16) in base 11?
210
1051 (base 15) to base 13
1756
21222001 (base 3) to base 10
5806
Convert -